{"id":2813,"date":"2023-09-04T07:53:00","date_gmt":"2023-09-04T07:53:00","guid":{"rendered":"https:\/\/orasulparalel.ro\/?page_id=2813"},"modified":"2023-09-04T07:53:43","modified_gmt":"2023-09-04T07:53:43","slug":"fabric-certificate-deces-flora","status":"publish","type":"page","link":"https:\/\/orasulparalel.ro\/hu\/fabric-certificate-deces-flora\/","title":{"rendered":"gy\u00e1r-halotti bizony\u00edtv\u00e1nyok-fl\u00f3ra"},"content":{"rendered":"<div data-elementor-type=\"wp-page\" data-elementor-id=\"2813\" class=\"elementor elementor-2813\" data-elementor-post-type=\"page\">\n\t\t\t\t<div class=\"elementor-element elementor-element-c00fe58 e-flex e-con-boxed e-con e-parent\" data-id=\"c00fe58\" data-element_type=\"container\">\n\t\t\t\t\t<div class=\"e-con-inner\">\n\t\t\t\t<div class=\"elementor-element elementor-element-040cf2c elementor-widget elementor-widget-image\" data-id=\"040cf2c\" data-element_type=\"widget\" data-widget_type=\"image.default\">\n\t\t\t\t<div class=\"elementor-widget-container\">\n\t\t\t\t\t\t\t\t\t\t\t\t\t\t\t<img fetchpriority=\"high\" decoding=\"async\" width=\"724\" height=\"1024\" src=\"https:\/\/orasulparalel.ro\/wp-content\/uploads\/2023\/09\/certificat-deces-f-2-724x1024-1.jpg\" class=\"attachment-large size-large wp-image-2815\" alt=\"\" srcset=\"https:\/\/orasulparalel.ro\/wp-content\/uploads\/2023\/09\/certificat-deces-f-2-724x1024-1.jpg 724w, https:\/\/orasulparalel.ro\/wp-content\/uploads\/2023\/09\/certificat-deces-f-2-724x1024-1-212x300.jpg 212w, https:\/\/orasulparalel.ro\/wp-content\/uploads\/2023\/09\/certificat-deces-f-2-724x1024-1-8x12.jpg 8w, https:\/\/orasulparalel.ro\/wp-content\/uploads\/2023\/09\/certificat-deces-f-2-724x1024-1-17x24.jpg 17w, https:\/\/orasulparalel.ro\/wp-content\/uploads\/2023\/09\/certificat-deces-f-2-724x1024-1-23x32.jpg 23w, https:\/\/orasulparalel.ro\/wp-content\/uploads\/2023\/09\/certificat-deces-f-2-724x1024-1-28x40.jpg 28w\" sizes=\"(max-width: 724px) 100vw, 724px\" \/>\t\t\t\t\t\t\t\t\t\t\t\t\t\t\t<\/div>\n\t\t\t\t<\/div>\n\t\t\t\t\t<\/div>\n\t\t\t\t<\/div>\n\t\t\t\t<\/div>\n\t\t\n    <div class=\"xs_social_share_widget xs_share_url after_content \t\tmain_content  wslu-style-1 wslu-share-box-shaped wslu-fill-colored wslu-none wslu-share-horizontal wslu-theme-font-no wslu-main_content\">\n\n\t\t\n        <ul>\n\t\t\t        <\/ul>\n    <\/div>","protected":false},"excerpt":{"rendered":"","protected":false},"author":1,"featured_media":0,"parent":0,"menu_order":0,"comment_status":"closed","ping_status":"closed","template":"","meta":{"postBodyCss":"","postBodyMargin":[],"postBodyPadding":[],"postBodyBackground":{"backgroundType":"classic","gradient":""},"footnotes":""},"class_list":["post-2813","page","type-page","status-publish","hentry"],"yoast_head":"<!-- This site is optimized with the Yoast SEO Premium plugin v20.7 (Yoast SEO v20.7) - https:\/\/yoast.com\/wordpress\/plugins\/seo\/ -->\n<title>fabric-certificate-deces-flora - Ora\u0219ul Paralel<\/title>\n<meta name=\"robots\" content=\"index, follow, max-snippet:-1, max-image-preview:large, max-video-preview:-1\" \/>\n<link rel=\"canonical\" href=\"https:\/\/orasulparalel.ro\/hu\/fabric-certificate-deces-flora\/\" \/>\n<meta property=\"og:locale\" content=\"hu_HU\" \/>\n<meta property=\"og:type\" content=\"article\" \/>\n<meta property=\"og:title\" content=\"fabric-certificate-deces-flora - Ora\u0219ul Paralel\" \/>\n<meta property=\"og:url\" content=\"https:\/\/orasulparalel.ro\/hu\/fabric-certificate-deces-flora\/\" \/>\n<meta property=\"og:site_name\" content=\"Ora\u0219ul Paralel\" \/>\n<meta property=\"article:publisher\" content=\"https:\/\/www.facebook.com\/orasulparaleltimisoara\" \/>\n<meta property=\"article:modified_time\" content=\"2023-09-04T07:53:43+00:00\" \/>\n<meta property=\"og:image\" content=\"https:\/\/orasulparalel.ro\/wp-content\/uploads\/2023\/09\/certificat-deces-f-2-724x1024-1.jpg\" \/>\n<meta name=\"twitter:card\" content=\"summary_large_image\" \/>\n<meta name=\"twitter:label1\" content=\"Becs\u00fclt olvas\u00e1si id\u0151\" \/>\n\t<meta name=\"twitter:data1\" content=\"1 perc\" \/>\n<script type=\"application\/ld+json\" class=\"yoast-schema-graph\">{\"@context\":\"https:\/\/schema.org\",\"@graph\":[{\"@type\":\"WebPage\",\"@id\":\"https:\/\/orasulparalel.ro\/fabric-certificate-deces-flora\/\",\"url\":\"https:\/\/orasulparalel.ro\/fabric-certificate-deces-flora\/\",\"name\":\"fabric-certificate-deces-flora - Ora\u0219ul Paralel\",\"isPartOf\":{\"@id\":\"https:\/\/orasulparalel.ro\/#website\"},\"datePublished\":\"2023-09-04T07:53:00+00:00\",\"dateModified\":\"2023-09-04T07:53:43+00:00\",\"breadcrumb\":{\"@id\":\"https:\/\/orasulparalel.ro\/fabric-certificate-deces-flora\/#breadcrumb\"},\"inLanguage\":\"hu\",\"potentialAction\":[{\"@type\":\"ReadAction\",\"target\":[\"https:\/\/orasulparalel.ro\/fabric-certificate-deces-flora\/\"]}]},{\"@type\":\"BreadcrumbList\",\"@id\":\"https:\/\/orasulparalel.ro\/fabric-certificate-deces-flora\/#breadcrumb\",\"itemListElement\":[{\"@type\":\"ListItem\",\"position\":1,\"name\":\"Acas\u0103\",\"item\":\"https:\/\/orasulparalel.ro\/\"},{\"@type\":\"ListItem\",\"position\":2,\"name\":\"fabric-certificate-deces-flora\"}]},{\"@type\":\"WebSite\",\"@id\":\"https:\/\/orasulparalel.ro\/#website\",\"url\":\"https:\/\/orasulparalel.ro\/\",\"name\":\"Ora\u0219ul Paralel\",\"description\":\"Spectacol imersiv\",\"publisher\":{\"@id\":\"https:\/\/orasulparalel.ro\/#organization\"},\"potentialAction\":[{\"@type\":\"SearchAction\",\"target\":{\"@type\":\"EntryPoint\",\"urlTemplate\":\"https:\/\/orasulparalel.ro\/?s={search_term_string}\"},\"query-input\":\"required name=search_term_string\"}],\"inLanguage\":\"hu\"},{\"@type\":\"Organization\",\"@id\":\"https:\/\/orasulparalel.ro\/#organization\",\"name\":\"Ora\u0219ul Paralel\",\"alternateName\":\"OP\",\"url\":\"https:\/\/orasulparalel.ro\/\",\"logo\":{\"@type\":\"ImageObject\",\"inLanguage\":\"hu\",\"@id\":\"https:\/\/orasulparalel.ro\/#\/schema\/logo\/image\/\",\"url\":\"https:\/\/orasulparalel.ro\/wp-content\/uploads\/2023\/06\/logo.png\",\"contentUrl\":\"https:\/\/orasulparalel.ro\/wp-content\/uploads\/2023\/06\/logo.png\",\"width\":300,\"height\":200,\"caption\":\"Ora\u0219ul Paralel\"},\"image\":{\"@id\":\"https:\/\/orasulparalel.ro\/#\/schema\/logo\/image\/\"},\"sameAs\":[\"https:\/\/www.facebook.com\/orasulparaleltimisoara\",\"https:\/\/www.instagram.com\/orasulparalel\/\",\"http:\/\/www.tiktok.com\/@orasulparelel0\",\"https:\/\/www.youtube.com\/@CiviCultura\"]}]}<\/script>\n<!-- \/ Yoast SEO Premium plugin. -->","yoast_head_json":{"title":"fabric-certificate-deces-flora - Ora\u0219ul Paralel","robots":{"index":"index","follow":"follow","max-snippet":"max-snippet:-1","max-image-preview":"max-image-preview:large","max-video-preview":"max-video-preview:-1"},"canonical":"https:\/\/orasulparalel.ro\/hu\/fabric-certificate-deces-flora\/","og_locale":"hu_HU","og_type":"article","og_title":"fabric-certificate-deces-flora - Ora\u0219ul Paralel","og_url":"https:\/\/orasulparalel.ro\/hu\/fabric-certificate-deces-flora\/","og_site_name":"Ora\u0219ul Paralel","article_publisher":"https:\/\/www.facebook.com\/orasulparaleltimisoara","article_modified_time":"2023-09-04T07:53:43+00:00","og_image":[{"url":"https:\/\/orasulparalel.ro\/wp-content\/uploads\/2023\/09\/certificat-deces-f-2-724x1024-1.jpg"}],"twitter_card":"summary_large_image","twitter_misc":{"Becs\u00fclt olvas\u00e1si id\u0151":"1 perc"},"schema":{"@context":"https:\/\/schema.org","@graph":[{"@type":"WebPage","@id":"https:\/\/orasulparalel.ro\/fabric-certificate-deces-flora\/","url":"https:\/\/orasulparalel.ro\/fabric-certificate-deces-flora\/","name":"fabric-certificate-deces-flora - Ora\u0219ul Paralel","isPartOf":{"@id":"https:\/\/orasulparalel.ro\/#website"},"datePublished":"2023-09-04T07:53:00+00:00","dateModified":"2023-09-04T07:53:43+00:00","breadcrumb":{"@id":"https:\/\/orasulparalel.ro\/fabric-certificate-deces-flora\/#breadcrumb"},"inLanguage":"hu","potentialAction":[{"@type":"ReadAction","target":["https:\/\/orasulparalel.ro\/fabric-certificate-deces-flora\/"]}]},{"@type":"BreadcrumbList","@id":"https:\/\/orasulparalel.ro\/fabric-certificate-deces-flora\/#breadcrumb","itemListElement":[{"@type":"ListItem","position":1,"name":"Acas\u0103","item":"https:\/\/orasulparalel.ro\/"},{"@type":"ListItem","position":2,"name":"fabric-certificate-deces-flora"}]},{"@type":"WebSite","@id":"https:\/\/orasulparalel.ro\/#website","url":"https:\/\/orasulparalel.ro\/","name":"Ora\u0219ul Paralel","description":"Spectacol imersiv","publisher":{"@id":"https:\/\/orasulparalel.ro\/#organization"},"potentialAction":[{"@type":"SearchAction","target":{"@type":"EntryPoint","urlTemplate":"https:\/\/orasulparalel.ro\/?s={search_term_string}"},"query-input":"required name=search_term_string"}],"inLanguage":"hu"},{"@type":"Organization","@id":"https:\/\/orasulparalel.ro\/#organization","name":"Ora\u0219ul Paralel","alternateName":"OP","url":"https:\/\/orasulparalel.ro\/","logo":{"@type":"ImageObject","inLanguage":"hu","@id":"https:\/\/orasulparalel.ro\/#\/schema\/logo\/image\/","url":"https:\/\/orasulparalel.ro\/wp-content\/uploads\/2023\/06\/logo.png","contentUrl":"https:\/\/orasulparalel.ro\/wp-content\/uploads\/2023\/06\/logo.png","width":300,"height":200,"caption":"Ora\u0219ul Paralel"},"image":{"@id":"https:\/\/orasulparalel.ro\/#\/schema\/logo\/image\/"},"sameAs":["https:\/\/www.facebook.com\/orasulparaleltimisoara","https:\/\/www.instagram.com\/orasulparalel\/","http:\/\/www.tiktok.com\/@orasulparelel0","https:\/\/www.youtube.com\/@CiviCultura"]}]}},"_links":{"self":[{"href":"https:\/\/orasulparalel.ro\/hu\/wp-json\/wp\/v2\/pages\/2813","targetHints":{"allow":["GET"]}}],"collection":[{"href":"https:\/\/orasulparalel.ro\/hu\/wp-json\/wp\/v2\/pages"}],"about":[{"href":"https:\/\/orasulparalel.ro\/hu\/wp-json\/wp\/v2\/types\/page"}],"author":[{"embeddable":true,"href":"https:\/\/orasulparalel.ro\/hu\/wp-json\/wp\/v2\/users\/1"}],"replies":[{"embeddable":true,"href":"https:\/\/orasulparalel.ro\/hu\/wp-json\/wp\/v2\/comments?post=2813"}],"version-history":[{"count":4,"href":"https:\/\/orasulparalel.ro\/hu\/wp-json\/wp\/v2\/pages\/2813\/revisions"}],"predecessor-version":[{"id":2818,"href":"https:\/\/orasulparalel.ro\/hu\/wp-json\/wp\/v2\/pages\/2813\/revisions\/2818"}],"wp:attachment":[{"href":"https:\/\/orasulparalel.ro\/hu\/wp-json\/wp\/v2\/media?parent=2813"}],"curies":[{"name":"wp","href":"https:\/\/api.w.org\/{rel}","templated":true}]}}

gyár-halotti bizonyítványok-flóra

<!-- This site is optimized with the Yoast SEO Premium plugin v20.7 (Yoast SEO v20.7) - https://yoast.com/wordpress/plugins/seo/ -->
<title>fabric-certificate-deces-flora - Orașul Paralel</title>
<meta name="robots" content="index, follow, max-snippet:-1, max-image-preview:large, max-video-preview:-1" />
<link rel="canonical" href="https://orasulparalel.ro/hu/fabric-certificate-deces-flora/" />
<meta property="og:locale" content="hu_HU" />
<meta property="og:type" content="article" />
<meta property="og:title" content="fabric-certificate-deces-flora - Orașul Paralel" />
<meta property="og:url" content="https://orasulparalel.ro/hu/fabric-certificate-deces-flora/" />
<meta property="og:site_name" content="Orașul Paralel" />
<meta property="article:publisher" content="https://www.facebook.com/orasulparaleltimisoara" />
<meta property="article:modified_time" content="2023-09-04T07:53:43+00:00" />
<meta property="og:image" content="https://orasulparalel.ro/wp-content/uploads/2023/09/certificat-deces-f-2-724x1024-1.jpg" />
<meta name="twitter:card" content="summary_large_image" />
<meta name="twitter:label1" content="Becsült olvasási idő" />
	<meta name="twitter:data1" content="1 perc" />
<script type="application/ld+json" class="yoast-schema-graph">{"@context":"https://schema.org","@graph":[{"@type":"WebPage","@id":"https://orasulparalel.ro/fabric-certificate-deces-flora/","url":"https://orasulparalel.ro/fabric-certificate-deces-flora/","name":"fabric-certificate-deces-flora - Orașul Paralel","isPartOf":{"@id":"https://orasulparalel.ro/#website"},"datePublished":"2023-09-04T07:53:00+00:00","dateModified":"2023-09-04T07:53:43+00:00","breadcrumb":{"@id":"https://orasulparalel.ro/fabric-certificate-deces-flora/#breadcrumb"},"inLanguage":"hu","potentialAction":[{"@type":"ReadAction","target":["https://orasulparalel.ro/fabric-certificate-deces-flora/"]}]},{"@type":"BreadcrumbList","@id":"https://orasulparalel.ro/fabric-certificate-deces-flora/#breadcrumb","itemListElement":[{"@type":"ListItem","position":1,"name":"Acasă","item":"https://orasulparalel.ro/"},{"@type":"ListItem","position":2,"name":"fabric-certificate-deces-flora"}]},{"@type":"WebSite","@id":"https://orasulparalel.ro/#website","url":"https://orasulparalel.ro/","name":"Orașul Paralel","description":"Spectacol imersiv","publisher":{"@id":"https://orasulparalel.ro/#organization"},"potentialAction":[{"@type":"SearchAction","target":{"@type":"EntryPoint","urlTemplate":"https://orasulparalel.ro/?s={search_term_string}"},"query-input":"required name=search_term_string"}],"inLanguage":"hu"},{"@type":"Organization","@id":"https://orasulparalel.ro/#organization","name":"Orașul Paralel","alternateName":"OP","url":"https://orasulparalel.ro/","logo":{"@type":"ImageObject","inLanguage":"hu","@id":"https://orasulparalel.ro/#/schema/logo/image/","url":"https://orasulparalel.ro/wp-content/uploads/2023/06/logo.png","contentUrl":"https://orasulparalel.ro/wp-content/uploads/2023/06/logo.png","width":300,"height":200,"caption":"Orașul Paralel"},"image":{"@id":"https://orasulparalel.ro/#/schema/logo/image/"},"sameAs":["https://www.facebook.com/orasulparaleltimisoara","https://www.instagram.com/orasulparalel/","http://www.tiktok.com/@orasulparelel0","https://www.youtube.com/@CiviCultura"]}]}</script>
<!-- / Yoast SEO Premium plugin. -->

fabric-certificate-deces-flora - Orașul Paralel

Orașul Paralel

Acasă
